.
16
Calculate the highest common factor of 313674 and 19044.
138
Calculate the highest common factor of 62484 and 3970020.
1524
Calculate the highest common divisor of 1178 and 19695894.
38
Calculate the highest common factor of 574678 and 234.
26
Calculate the highest common factor of 6117720 and 8400.
840
What is the highest common divisor of 2600893 and 79616?
311
Calculate the highest common divisor of 1398 and 58977426.
1398
Calculate the greatest common factor of 292488 and 93912.
168
What is the greatest common divisor of 654728 and 40?
8
Calculate the highest common factor of 22462608 and 56.
56
Calculate the highest common factor of 109893 and 114388147.
5233
Calculate the highest common factor of 936 and 165036456.
936
What is the highest common factor of 5674797 and 12744?
531
What is the highest common factor of 138 and 3996411?
69
What is the highest common divisor of 138402 and 7163818?
466
What is the highest common factor of 140534 and 10672?
58
Calculate the greatest common divisor of 275 and 5451200.
25
What is the greatest common factor of 3244 and 1532?
4
What is the greatest common factor of 7333551 and 4089?
141
What is the highest common divisor of 16990 and 633020?
10
Calculate the greatest common divisor of 2319842 and 14868.
14
Calculate the highest common factor of 921778 and 77077.
1573
What is the highest common factor of 4300912 and 25608?
88
What is the highest common factor of 5651919 and 767865?
2163
What is the greatest common divisor of 25940 and 638207008?
5188
Calculate the greatest common factor of 473 and 1020019.
11
What is the greatest common divisor of 175126508 and 5290?
1058
Calculate the greatest common factor of 26147160 and 33670.
4810
Calculate the highest common factor of 138 and 4617894.
138
Calculate the highest common divisor of 17143 and 50127.
217
Calculate the greatest common divisor of 1776 and 439568.
16
What is the highest common factor of 79366 and 2614?
2
What is the greatest common divisor of 40324590 and 6345?
2115
Calculate the greatest common divisor of 45279 and 17297631.
1053
Calculate the greatest common divisor of 3457931 and 1269.
47
What is the highest common factor of 1434 and 70003578?
1434
What is the greatest common factor of 768 and 514944?
384
Calculate the highest common factor of 1333264 and 460.
92
What is the highest common factor of 8 and 21256?
8
What is the highest common divisor of 194407623 and 3?
3
Calculate the greatest common factor of 595231 and 60450.
403
Calculate the highest common factor of 12 and 7916442.
6
What is the greatest common divisor of 121989 and 158256?
3297
Calculate the highest common divisor of 15283045 and 542.
271
What is the highest common factor of 3865621 and 4307?
59
Calculate the highest common divisor of 122164525 and 8225.
175
What is the greatest common factor of 4078048 and 1768?
104
What is the highest common factor of 47174 and 1648?
206
Calculate the greatest common divisor of 2459435 and 365112.
5071
Calculate the highest common factor of 385 and 415855.
55
Calculate the greatest common factor of 30967 and 136398.
179
What is the highest common divisor of 20636 and 1051204?
308
Calculate the greatest common divisor of 71630 and 221065.
1235
Calculate the greatest common factor of 10489026 and 348.
6
Calculate the greatest common divisor of 87233 and 1411.
83
What is the highest common factor of 544 and 168181?
17
Calculate the highest common divisor of 2295 and 3998985.
15
What is the greatest common factor of 780125970 and 78?
78
What is the greatest common factor of 508530 and 14807?
67
Calculate the greatest common divisor of 640 and 130286960.
80
Calculate the greatest common factor of 15 and 378073515.
15
What is the greatest common divisor of 762 and 312133996?
254
Calculate the highest common divisor of 490 and 37824815.
245
What is the greatest common factor of 243803170 and 195?
65
What is the greatest common divisor of 3539118 and 198?
66
What is the greatest common divisor of 35144984 and 3248?
1624
What is the greatest common factor of 442 and 381147?
13
Calculate the greatest common factor of 528 and 631824.
48
Calculate the greatest common factor of 4724 and 532436.
4
Calculate the greatest common factor of 2178184 and 1488.
248
What is the highest common factor of 45 and 2608780?
5
Calculate the greatest common factor of 77956411 and 304.
19
What is the highest common divisor of 1542 and 156320250?
1542
What is the highest common factor of 28175330 and 212?
106
Calculate the greatest common divisor of 132 and 12797356.
44
Calculate the highest common factor of 105820 and 1380015.
65
Calculate the highest common divisor of 1708 and 628348.
28
What is the highest common divisor of 9846480 and 880?
80
What is the greatest common divisor of 8802 and 25056197?
163
What is the highest common divisor of 30301 and 149621?
157
Calculate the greatest common factor of 24576 and 64072.
8
Calculate the highest common divisor of 7174 and 6001.
17
Calculate the highest common factor of 1743002 and 42316.
298
Calculate the highest common factor of 60 and 315345.
15
What is the greatest common divisor of 41290790 and 255?
85
What is the highest common factor of 105 and 3963645?
105
Calculate the highest common divisor of 712214 and 20246.
106
What is the highest common factor of 413519880 and 60?
60
Calculate the greatest common divisor of 415 and 44817925.
415
What is the highest common divisor of 193 and 478213470?
193
What is the greatest common divisor of 12 and 965480076?
12
What is the greatest common factor of 374634 and 66690?
234
Calculate the highest common factor of 754130700 and 900.
900
Calculate the greatest common divisor of 1738 and 7778485.
11
Calculate the highest common divisor of 17307 and 286362.
27
What is the highest common factor of 10821085 and 6335?
905
Calculate the greatest common factor of 14094 and 3538080.
486
What is the greatest common divisor of 4899209 and 13293?
1477
Calculate the greatest common divisor of 16526328 and 59267.
611
What is the greatest common factor of 607325 and 2975?
425
What is the highest common divisor of 1013768 and 1505?
301
Calculate the highest common factor of 80 and 58319440.
80
Calculate the highest common factor of 39530 and 195.
5
Calculate the greatest common factor of 2824 and 6738417.
353
Calculate the greatest common factor of 2094 and 281841930.
2094
Calculate the highest common divisor of 731656568 and 8.
8
Calculate the highest common divisor of 34992 and 1098927.
81
Calculate the highest common divisor of 39971003 and 421.
421
Calculate the greatest common factor of 16810519 and 88.
11
Calculate the highest common divisor of 5735 and 18869297.
1147
What is the highest common factor of 7512844 and 221?
17
What is the highest common factor of 13237 and 340783?
31
Calculate the greatest common divisor of 15097927 and 13.
13
What is the highest common factor of 133 and 50610889?
133
What is the greatest common divisor of 1022597 and 154783?
31
What is the highest common divisor of 11745 and 6379?
1
Calculate the highest common factor of 17558490 and 18.
6
What is the highest common factor of 46 and 16747634?
46
Calculate the highest common factor of 644 and 353142391.
161
What is the greatest common divisor of 2634592 and 4437?
493
What is the highest common divisor of 459 and 295613?
17
What is the highest common divisor of 318056 and 10406208?
664
Calculate the highest common divisor of 477932 and 37518.
338
Calculate the highest common factor of 1704 and 507433308.
852
Calculate the highest common divisor of 56540 and 13955.
5
What is the highest common factor of 2468574 and 90?
18
Calculate the greatest common divisor of 3626 and 637300321.
1813
What is the greatest common factor of 38875376 and 3629?
191
What is the greatest common factor of 369593433 and 31482?
5247
Calculate the highest common factor of 1905576 and 768.
24
Calculate the highest common divisor of 14260 and 19840124.
124
What is the greatest common divisor of 1240965 and 6570?
45
Calculate the greatest common factor of 169 and 168005669.
13
Calculate the highest common factor of 198309465 and 405.
405
What is the greatest common factor of 16394676 and 3438?
1146
Calculate the gr